{"id":977,"date":"2021-04-19T08:08:18","date_gmt":"2021-04-19T06:08:18","guid":{"rendered":"https:\/\/vilokan.com\/vrt\/?page_id=977"},"modified":"2024-10-15T12:58:13","modified_gmt":"2024-10-15T10:58:13","slug":"lediga-tjanster","status":"publish","type":"page","link":"https:\/\/vilokan.com\/vrt\/om-oss\/lediga-tjanster\/","title":{"rendered":"Lediga tj\u00e4nster"},"content":{"rendered":"\n<h3 class=\"wp-block-heading\"><\/h3>\n\n\n\n<p><br><strong>Spontanans\u00f6kan<\/strong><br>Vi \u00e4r \u00f6vertygade om att m\u00e5ngfalden i v\u00e5r arbetsstyrka \u00e4r en nyckel till framg\u00e5ng. Kontakta oss p\u00e5\u00a0<a href=\"mailto:info@vilokan.com\">info@vilokan.com<\/a>\u00a0och l\u00e5t oss tillsammans skapa en arbetsmilj\u00f6 d\u00e4r vi tillsammans driver innovation och utvecklingen fram\u00e5t. Vi ser fram emot att h\u00f6ra fr\u00e5n dig och f\u00e5 veta mer om ditt bidrag till v\u00e5rt team.\u00a0Kontakta oss\u00a0<a href=\"mailto:info@vilokan.com\">info@vilokan.com<\/a><\/p>\n","protected":false},"excerpt":{"rendered":"<p>Spontanans\u00f6kanVi \u00e4r \u00f6vertygade om att m\u00e5ngfalden i v\u00e5r arbetsstyrka \u00e4r en nyckel till framg\u00e5ng. Kontakta oss p\u00e5\u00a0info@vilokan.com\u00a0och l\u00e5t oss tillsammans skapa en arbetsmilj\u00f6 d\u00e4r vi tillsammans driver innovation och utvecklingen fram\u00e5t. Vi ser fram emot att h\u00f6ra fr\u00e5n dig och f\u00e5 veta mer om ditt bidrag till v\u00e5rt team.\u00a0Kontakta oss\u00a0info@vilokan.com<\/p>\n","protected":false},"author":1,"featured_media":980,"parent":13,"menu_order":0,"comment_status":"closed","ping_status":"closed","template":"","meta":[],"acf":[],"yoast_head":"<!-- This site is optimized with the Yoast SEO plugin v20.2.1 - https:\/\/yoast.com\/wordpress\/plugins\/seo\/ -->\n<title>Lediga tj\u00e4nster - Vilokan Recycling Tech<\/title>\n<meta name=\"robots\" content=\"index, follow, max-snippet:-1, max-image-preview:large, max-video-preview:-1\" \/>\n<link rel=\"canonical\" href=\"https:\/\/vilokan.com\/vrt\/om-oss\/lediga-tjanster\/\" \/>\n<meta property=\"og:locale\" content=\"sv_SE\" \/>\n<meta property=\"og:type\" content=\"article\" \/>\n<meta property=\"og:title\" content=\"Lediga tj\u00e4nster - Vilokan Recycling Tech\" \/>\n<meta property=\"og:description\" content=\"Spontanans\u00f6kanVi \u00e4r \u00f6vertygade om att m\u00e5ngfalden i v\u00e5r arbetsstyrka \u00e4r en nyckel till framg\u00e5ng. Kontakta oss p\u00e5\u00a0info@vilokan.com\u00a0och l\u00e5t oss tillsammans skapa en arbetsmilj\u00f6 d\u00e4r vi tillsammans driver innovation och utvecklingen fram\u00e5t. Vi ser fram emot att h\u00f6ra fr\u00e5n dig och f\u00e5 veta mer om ditt bidrag till v\u00e5rt team.\u00a0Kontakta oss\u00a0info@vilokan.com\" \/>\n<meta property=\"og:url\" content=\"https:\/\/vilokan.com\/vrt\/om-oss\/lediga-tjanster\/\" \/>\n<meta property=\"og:site_name\" content=\"Vilokan Recycling Tech\" \/>\n<meta property=\"article:modified_time\" content=\"2024-10-15T10:58:13+00:00\" \/>\n<meta property=\"og:image\" content=\"https:\/\/vilokan.com\/vrt\/wp-content\/uploads\/sites\/2\/2021\/04\/Jobba-hos-oss_5300131966.jpg\" \/>\n\t<meta property=\"og:image:width\" content=\"1920\" \/>\n\t<meta property=\"og:image:height\" content=\"1166\" \/>\n\t<meta property=\"og:image:type\" content=\"image\/jpeg\" \/>\n<meta name=\"twitter:card\" content=\"summary_large_image\" \/>\n<meta name=\"twitter:label1\" content=\"Est. reading time\" \/>\n\t<meta name=\"twitter:data1\" content=\"1 minut\" \/>\n<script type=\"application\/ld+json\" class=\"yoast-schema-graph\">{\"@context\":\"https:\/\/schema.org\",\"@graph\":[{\"@type\":\"WebPage\",\"@id\":\"https:\/\/vilokan.com\/vrt\/om-oss\/lediga-tjanster\/\",\"url\":\"https:\/\/vilokan.com\/vrt\/om-oss\/lediga-tjanster\/\",\"name\":\"Lediga tj\u00e4nster - Vilokan Recycling Tech\",\"isPartOf\":{\"@id\":\"https:\/\/vilokan.com\/vrt\/#website\"},\"datePublished\":\"2021-04-19T06:08:18+00:00\",\"dateModified\":\"2024-10-15T10:58:13+00:00\",\"breadcrumb\":{\"@id\":\"https:\/\/vilokan.com\/vrt\/om-oss\/lediga-tjanster\/#breadcrumb\"},\"inLanguage\":\"sv-SE\",\"potentialAction\":[{\"@type\":\"ReadAction\",\"target\":[\"https:\/\/vilokan.com\/vrt\/om-oss\/lediga-tjanster\/\"]}]},{\"@type\":\"BreadcrumbList\",\"@id\":\"https:\/\/vilokan.com\/vrt\/om-oss\/lediga-tjanster\/#breadcrumb\",\"itemListElement\":[{\"@type\":\"ListItem\",\"position\":1,\"name\":\"Hem\",\"item\":\"https:\/\/vilokan.com\/vrt\/\"},{\"@type\":\"ListItem\",\"position\":2,\"name\":\"Om oss\",\"item\":\"https:\/\/vilokan.com\/vrt\/om-oss\/\"},{\"@type\":\"ListItem\",\"position\":3,\"name\":\"Lediga tj\u00e4nster\"}]},{\"@type\":\"WebSite\",\"@id\":\"https:\/\/vilokan.com\/vrt\/#website\",\"url\":\"https:\/\/vilokan.com\/vrt\/\",\"name\":\"Vilokan Recycling Tech\",\"description\":\"En till Vilokan Group webbplats\",\"potentialAction\":[{\"@type\":\"SearchAction\",\"target\":{\"@type\":\"EntryPoint\",\"urlTemplate\":\"https:\/\/vilokan.com\/vrt\/?s={search_term_string}\"},\"query-input\":\"required name=search_term_string\"}],\"inLanguage\":\"sv-SE\"}]}<\/script>\n<!-- \/ Yoast SEO plugin. -->","yoast_head_json":{"title":"Lediga tj\u00e4nster - Vilokan Recycling Tech","robots":{"index":"index","follow":"follow","max-snippet":"max-snippet:-1","max-image-preview":"max-image-preview:large","max-video-preview":"max-video-preview:-1"},"canonical":"https:\/\/vilokan.com\/vrt\/om-oss\/lediga-tjanster\/","og_locale":"sv_SE","og_type":"article","og_title":"Lediga tj\u00e4nster - Vilokan Recycling Tech","og_description":"Spontanans\u00f6kanVi \u00e4r \u00f6vertygade om att m\u00e5ngfalden i v\u00e5r arbetsstyrka \u00e4r en nyckel till framg\u00e5ng. Kontakta oss p\u00e5\u00a0info@vilokan.com\u00a0och l\u00e5t oss tillsammans skapa en arbetsmilj\u00f6 d\u00e4r vi tillsammans driver innovation och utvecklingen fram\u00e5t. Vi ser fram emot att h\u00f6ra fr\u00e5n dig och f\u00e5 veta mer om ditt bidrag till v\u00e5rt team.\u00a0Kontakta oss\u00a0info@vilokan.com","og_url":"https:\/\/vilokan.com\/vrt\/om-oss\/lediga-tjanster\/","og_site_name":"Vilokan Recycling Tech","article_modified_time":"2024-10-15T10:58:13+00:00","og_image":[{"width":1920,"height":1166,"url":"https:\/\/vilokan.com\/vrt\/wp-content\/uploads\/sites\/2\/2021\/04\/Jobba-hos-oss_5300131966.jpg","type":"image\/jpeg"}],"twitter_card":"summary_large_image","twitter_misc":{"Est. reading time":"1 minut"},"schema":{"@context":"https:\/\/schema.org","@graph":[{"@type":"WebPage","@id":"https:\/\/vilokan.com\/vrt\/om-oss\/lediga-tjanster\/","url":"https:\/\/vilokan.com\/vrt\/om-oss\/lediga-tjanster\/","name":"Lediga tj\u00e4nster - Vilokan Recycling Tech","isPartOf":{"@id":"https:\/\/vilokan.com\/vrt\/#website"},"datePublished":"2021-04-19T06:08:18+00:00","dateModified":"2024-10-15T10:58:13+00:00","breadcrumb":{"@id":"https:\/\/vilokan.com\/vrt\/om-oss\/lediga-tjanster\/#breadcrumb"},"inLanguage":"sv-SE","potentialAction":[{"@type":"ReadAction","target":["https:\/\/vilokan.com\/vrt\/om-oss\/lediga-tjanster\/"]}]},{"@type":"BreadcrumbList","@id":"https:\/\/vilokan.com\/vrt\/om-oss\/lediga-tjanster\/#breadcrumb","itemListElement":[{"@type":"ListItem","position":1,"name":"Hem","item":"https:\/\/vilokan.com\/vrt\/"},{"@type":"ListItem","position":2,"name":"Om oss","item":"https:\/\/vilokan.com\/vrt\/om-oss\/"},{"@type":"ListItem","position":3,"name":"Lediga tj\u00e4nster"}]},{"@type":"WebSite","@id":"https:\/\/vilokan.com\/vrt\/#website","url":"https:\/\/vilokan.com\/vrt\/","name":"Vilokan Recycling Tech","description":"En till Vilokan Group webbplats","potentialAction":[{"@type":"SearchAction","target":{"@type":"EntryPoint","urlTemplate":"https:\/\/vilokan.com\/vrt\/?s={search_term_string}"},"query-input":"required name=search_term_string"}],"inLanguage":"sv-SE"}]}},"_links":{"self":[{"href":"https:\/\/vilokan.com\/vrt\/wp-json\/wp\/v2\/pages\/977"}],"collection":[{"href":"https:\/\/vilokan.com\/vrt\/wp-json\/wp\/v2\/pages"}],"about":[{"href":"https:\/\/vilokan.com\/vrt\/wp-json\/wp\/v2\/types\/page"}],"author":[{"embeddable":true,"href":"https:\/\/vilokan.com\/vrt\/wp-json\/wp\/v2\/users\/1"}],"replies":[{"embeddable":true,"href":"https:\/\/vilokan.com\/vrt\/wp-json\/wp\/v2\/comments?post=977"}],"version-history":[{"count":49,"href":"https:\/\/vilokan.com\/vrt\/wp-json\/wp\/v2\/pages\/977\/revisions"}],"predecessor-version":[{"id":1361,"href":"https:\/\/vilokan.com\/vrt\/wp-json\/wp\/v2\/pages\/977\/revisions\/1361"}],"up":[{"embeddable":true,"href":"https:\/\/vilokan.com\/vrt\/wp-json\/wp\/v2\/pages\/13"}],"wp:featuredmedia":[{"embeddable":true,"href":"https:\/\/vilokan.com\/vrt\/wp-json\/wp\/v2\/media\/980"}],"wp:attachment":[{"href":"https:\/\/vilokan.com\/vrt\/wp-json\/wp\/v2\/media?parent=977"}],"curies":[{"name":"wp","href":"https:\/\/api.w.org\/{rel}","templated":true}]}}